{"id":8189,"date":"2022-06-13T15:26:22","date_gmt":"2022-06-13T15:26:22","guid":{"rendered":"http:\/\/acinsumos.srtv.cl\/?post_type=product&#038;p=8189"},"modified":"2022-08-09T22:00:12","modified_gmt":"2022-08-09T22:00:12","slug":"silenciadores-splitter","status":"publish","type":"product","link":"https:\/\/acinsumos.cl\/index.php\/producto\/silenciadores-splitter\/","title":{"rendered":"Silenciadores Splitter"},"content":{"rendered":"<p>La gama de soluciones ac\u00fasticas de AC Insumos est\u00e1 integrada por productos adaptados a las necesidades espec\u00edficas de la industria. V\u00e9ase, por ejemplo, los silenciadores Splitter que est\u00e1n dise\u00f1ados para ductos de ventilaci\u00f3n y aplicaciones similares.<\/p>\n<p>Los extremos aerodin\u00e1micos (\u00abcon forma adecuada para reducir la resistencia de aire\u00bb) aseguran los objetivos de minimizaci\u00f3n de las emisiones sonoras en las instalaciones o \u00e1reas en las que el aire es un componente fundamental, sin perjudicar su flujo negativamente.<\/p>\n<p>En ese sentido, los silenciadores Splitter proporcionan un gran rango de utilidad en sistemas de climatizaci\u00f3n, admisi\u00f3n o descarga de aire para generadores, conductos o vanos de ventilaci\u00f3n, entre otras aplicaciones industriales.<\/p>\n","protected":false},"excerpt":{"rendered":"<p>La gama de soluciones ac\u00fasticas de AC Insumos est\u00e1 integrada por productos adaptados a las necesidades espec\u00edficas de la industria. V\u00e9ase, por ejemplo, los silenciadores Splitter que est\u00e1n dise\u00f1ados para ductos de ventilaci\u00f3n y aplicaciones similares. Los extremos aerodin\u00e1micos (\u00abcon forma adecuada para reducir la resistencia de aire\u00bb) aseguran los objetivos de minimizaci\u00f3n de las&#8230;<\/p>\n","protected":false},"featured_media":8190,"comment_status":"open","ping_status":"closed","template":"","meta":{"om_disable_all_campaigns":false,"_monsterinsights_skip_tracking":false,"_monsterinsights_sitenote_active":false,"_monsterinsights_sitenote_note":"","_monsterinsights_sitenote_category":0},"product_cat":[75,74],"product_tag":[],"aioseo_notices":[],"_links":{"self":[{"href":"https:\/\/acinsumos.cl\/index.php\/wp-json\/wp\/v2\/product\/8189"}],"collection":[{"href":"https:\/\/acinsumos.cl\/index.php\/wp-json\/wp\/v2\/product"}],"about":[{"href":"https:\/\/acinsumos.cl\/index.php\/wp-json\/wp\/v2\/types\/product"}],"replies":[{"embeddable":true,"href":"https:\/\/acinsumos.cl\/index.php\/wp-json\/wp\/v2\/comments?post=8189"}],"wp:featuredmedia":[{"embeddable":true,"href":"https:\/\/acinsumos.cl\/index.php\/wp-json\/wp\/v2\/media\/8190"}],"wp:attachment":[{"href":"https:\/\/acinsumos.cl\/index.php\/wp-json\/wp\/v2\/media?parent=8189"}],"wp:term":[{"taxonomy":"product_cat","embeddable":true,"href":"https:\/\/acinsumos.cl\/index.php\/wp-json\/wp\/v2\/product_cat?post=8189"},{"taxonomy":"product_tag","embeddable":true,"href":"https:\/\/acinsumos.cl\/index.php\/wp-json\/wp\/v2\/product_tag?post=8189"}],"curies":[{"name":"wp","href":"https:\/\/api.w.org\/{rel}","templated":true}]}}