{"id":8279,"date":"2022-06-13T17:04:15","date_gmt":"2022-06-13T17:04:15","guid":{"rendered":"http:\/\/acinsumos.srtv.cl\/?post_type=product&#038;p=8279"},"modified":"2022-08-09T22:02:20","modified_gmt":"2022-08-09T22:02:20","slug":"celosias-acusticas-louvres","status":"publish","type":"product","link":"https:\/\/acinsumos.cl\/index.php\/producto\/celosias-acusticas-louvres\/","title":{"rendered":"Celos\u00edas Acusticas Louvers"},"content":{"rendered":"<p>Compaginar el aislamiento ac\u00fastico con una adecuada ventilaci\u00f3n (o conducci\u00f3n de aire) es uno de los \u00absantos griales\u00bb de la industria. Los avances t\u00e9cnicos han posibilitado el desarrollo de soluciones optimizadas como las celos\u00edas ac\u00fasticas o Louvers.<\/p>\n<p>A trav\u00e9s de un dise\u00f1o integrado por celdas ac\u00fasticas galvanizadas, las celos\u00edas ac\u00fasticas pueden proporcionar un \u00f3ptimo rendimiento de aislaci\u00f3n mediante un mecanismo resistivo que no entorpece los requerimientos de ventilaci\u00f3n.<\/p>\n<p>De esta manera, los silenciadores Louvers o celos\u00edas ac\u00fasticas son capaces de satisfacer las m\u00e1s detalladas necesidades de la industria de la refrigeraci\u00f3n, ventilaci\u00f3n, climatizaci\u00f3n y otras \u00e1reas de admisi\u00f3n o descarga de aire en espacios cerrados.<\/p>\n","protected":false},"excerpt":{"rendered":"<p>Compaginar el aislamiento ac\u00fastico con una adecuada ventilaci\u00f3n (o conducci\u00f3n de aire) es uno de los \u00absantos griales\u00bb de la industria. Los avances t\u00e9cnicos han posibilitado el desarrollo de soluciones optimizadas como las celos\u00edas ac\u00fasticas o Louvers. A trav\u00e9s de un dise\u00f1o integrado por celdas ac\u00fasticas galvanizadas, las celos\u00edas ac\u00fasticas pueden proporcionar un \u00f3ptimo rendimiento&#8230;<\/p>\n","protected":false},"featured_media":8280,"comment_status":"open","ping_status":"closed","template":"","meta":{"om_disable_all_campaigns":false,"_monsterinsights_skip_tracking":false,"_monsterinsights_sitenote_active":false,"_monsterinsights_sitenote_note":"","_monsterinsights_sitenote_category":0},"product_cat":[75,74],"product_tag":[],"aioseo_notices":[],"_links":{"self":[{"href":"https:\/\/acinsumos.cl\/index.php\/wp-json\/wp\/v2\/product\/8279"}],"collection":[{"href":"https:\/\/acinsumos.cl\/index.php\/wp-json\/wp\/v2\/product"}],"about":[{"href":"https:\/\/acinsumos.cl\/index.php\/wp-json\/wp\/v2\/types\/product"}],"replies":[{"embeddable":true,"href":"https:\/\/acinsumos.cl\/index.php\/wp-json\/wp\/v2\/comments?post=8279"}],"wp:featuredmedia":[{"embeddable":true,"href":"https:\/\/acinsumos.cl\/index.php\/wp-json\/wp\/v2\/media\/8280"}],"wp:attachment":[{"href":"https:\/\/acinsumos.cl\/index.php\/wp-json\/wp\/v2\/media?parent=8279"}],"wp:term":[{"taxonomy":"product_cat","embeddable":true,"href":"https:\/\/acinsumos.cl\/index.php\/wp-json\/wp\/v2\/product_cat?post=8279"},{"taxonomy":"product_tag","embeddable":true,"href":"https:\/\/acinsumos.cl\/index.php\/wp-json\/wp\/v2\/product_tag?post=8279"}],"curies":[{"name":"wp","href":"https:\/\/api.w.org\/{rel}","templated":true}]}}