{"id":8371,"date":"2022-06-17T16:02:51","date_gmt":"2022-06-17T16:02:51","guid":{"rendered":"http:\/\/acinsumos.srtv.cl\/?post_type=product&#038;p=8371"},"modified":"2022-08-09T22:25:01","modified_gmt":"2022-08-09T22:25:01","slug":"swivel-packing","status":"publish","type":"product","link":"https:\/\/acinsumos.cl\/index.php\/producto\/swivel-packing\/","title":{"rendered":"Swivel Packing"},"content":{"rendered":"<p>Swivel packing es el t\u00e9rmino ingl\u00e9s para \u00abempacaduras\u00bb o \u00abjuntas de estanqueidad\u00bb que son componentes empleados en procesos hidr\u00e1ulicos o neum\u00e1ticos para evitar que el fluido lubricante se escurra y pueda ocasionar problemas de rendimiento o de seguridad.<\/p>\n<p>En AC Insumos ofrecemos una amplia gama de servicios entre los que se incluyen insumos mineros, servicios de ingenier\u00eda y gomas t\u00e9cnicas, por lo que estamos capacitados para dise\u00f1ar y fabricar swivel packaging o sellos para distintas operaciones industriales.<\/p>\n<p>La funci\u00f3n de estanqueidad de estas empacaduras es bastante s\u00f3lida y herm\u00e9tica, por lo que el l\u00edquido de la m\u00e1quina no se filtra y garantiza que la operaci\u00f3n se mantiene funcionando por largos per\u00edodos y de manera eficiente.<\/p>\n","protected":false},"excerpt":{"rendered":"<p>Swivel packing es el t\u00e9rmino ingl\u00e9s para \u00abempacaduras\u00bb o \u00abjuntas de estanqueidad\u00bb que son componentes empleados en procesos hidr\u00e1ulicos o neum\u00e1ticos para evitar que el fluido lubricante se escurra y pueda ocasionar problemas de rendimiento o de seguridad. En AC Insumos ofrecemos una amplia gama de servicios entre los que se incluyen insumos mineros, servicios&#8230;<\/p>\n","protected":false},"featured_media":8372,"comment_status":"open","ping_status":"closed","template":"","meta":{"om_disable_all_campaigns":false,"_monsterinsights_skip_tracking":false,"_monsterinsights_sitenote_active":false,"_monsterinsights_sitenote_note":"","_monsterinsights_sitenote_category":0},"product_cat":[78],"product_tag":[],"aioseo_notices":[],"_links":{"self":[{"href":"https:\/\/acinsumos.cl\/index.php\/wp-json\/wp\/v2\/product\/8371"}],"collection":[{"href":"https:\/\/acinsumos.cl\/index.php\/wp-json\/wp\/v2\/product"}],"about":[{"href":"https:\/\/acinsumos.cl\/index.php\/wp-json\/wp\/v2\/types\/product"}],"replies":[{"embeddable":true,"href":"https:\/\/acinsumos.cl\/index.php\/wp-json\/wp\/v2\/comments?post=8371"}],"wp:featuredmedia":[{"embeddable":true,"href":"https:\/\/acinsumos.cl\/index.php\/wp-json\/wp\/v2\/media\/8372"}],"wp:attachment":[{"href":"https:\/\/acinsumos.cl\/index.php\/wp-json\/wp\/v2\/media?parent=8371"}],"wp:term":[{"taxonomy":"product_cat","embeddable":true,"href":"https:\/\/acinsumos.cl\/index.php\/wp-json\/wp\/v2\/product_cat?post=8371"},{"taxonomy":"product_tag","embeddable":true,"href":"https:\/\/acinsumos.cl\/index.php\/wp-json\/wp\/v2\/product_tag?post=8371"}],"curies":[{"name":"wp","href":"https:\/\/api.w.org\/{rel}","templated":true}]}}