{"id":8488,"date":"2022-06-23T14:57:24","date_gmt":"2022-06-23T14:57:24","guid":{"rendered":"http:\/\/acinsumos.srtv.cl\/?post_type=product&#038;p=8488"},"modified":"2022-08-09T22:19:14","modified_gmt":"2022-08-09T22:19:14","slug":"prexor-ruido-laboral","status":"publish","type":"product","link":"https:\/\/acinsumos.cl\/index.php\/producto\/prexor-ruido-laboral\/","title":{"rendered":"PREXOR RUIDO LABORAL"},"content":{"rendered":"<p>En los \u00faltimos a\u00f1os se ha incrementado el inter\u00e9s de los <em>policy makers <\/em>por regular las emisiones sonoras en aplicaciones industriales. Un ejemplo bastante claro es la promulgaci\u00f3n y aprobaci\u00f3n del Protocolo de Exposici\u00f3n al Ruido Ocupacional (PREXOR).<\/p>\n<p>A este respecto, la experiencia certificada de AC Insumos en soluciones de insonorizaci\u00f3n y acondicionamiento ac\u00fastico ha logrado consolidarse como una importante herramienta para el cumplimiento de esta normativa por parte de las industrias.<\/p>\n<p>Nuestro equipo de especialistas est\u00e1 familiarizado con PREXOR, de manera que est\u00e1 capacitado para evaluar y desarrollar soluciones seg\u00fan par\u00e1metros de este protocolo, como la evaluaci\u00f3n Screening y la evaluaci\u00f3n cuantitativa.<\/p>\n","protected":false},"excerpt":{"rendered":"<p>En los \u00faltimos a\u00f1os se ha incrementado el inter\u00e9s de los policy makers por regular las emisiones sonoras en aplicaciones industriales. Un ejemplo bastante claro es la promulgaci\u00f3n y aprobaci\u00f3n del Protocolo de Exposici\u00f3n al Ruido Ocupacional (PREXOR). A este respecto, la experiencia certificada de AC Insumos en soluciones de insonorizaci\u00f3n y acondicionamiento ac\u00fastico ha&#8230;<\/p>\n","protected":false},"featured_media":8062,"comment_status":"open","ping_status":"closed","template":"","meta":{"om_disable_all_campaigns":false,"_monsterinsights_skip_tracking":false,"_monsterinsights_sitenote_active":false,"_monsterinsights_sitenote_note":"","_monsterinsights_sitenote_category":0},"product_cat":[75],"product_tag":[],"aioseo_notices":[],"_links":{"self":[{"href":"https:\/\/acinsumos.cl\/index.php\/wp-json\/wp\/v2\/product\/8488"}],"collection":[{"href":"https:\/\/acinsumos.cl\/index.php\/wp-json\/wp\/v2\/product"}],"about":[{"href":"https:\/\/acinsumos.cl\/index.php\/wp-json\/wp\/v2\/types\/product"}],"replies":[{"embeddable":true,"href":"https:\/\/acinsumos.cl\/index.php\/wp-json\/wp\/v2\/comments?post=8488"}],"wp:featuredmedia":[{"embeddable":true,"href":"https:\/\/acinsumos.cl\/index.php\/wp-json\/wp\/v2\/media\/8062"}],"wp:attachment":[{"href":"https:\/\/acinsumos.cl\/index.php\/wp-json\/wp\/v2\/media?parent=8488"}],"wp:term":[{"taxonomy":"product_cat","embeddable":true,"href":"https:\/\/acinsumos.cl\/index.php\/wp-json\/wp\/v2\/product_cat?post=8488"},{"taxonomy":"product_tag","embeddable":true,"href":"https:\/\/acinsumos.cl\/index.php\/wp-json\/wp\/v2\/product_tag?post=8488"}],"curies":[{"name":"wp","href":"https:\/\/api.w.org\/{rel}","templated":true}]}}